{"id":5582,"date":"2021-01-26T17:39:33","date_gmt":"2021-01-26T17:39:33","guid":{"rendered":"https:\/\/abyflowers.com\/shop\/?page_id=5582"},"modified":"2022-07-16T15:51:43","modified_gmt":"2022-07-16T15:51:43","slug":"terminos-y-condiciones","status":"publish","type":"page","link":"https:\/\/abyflowers.com\/shop\/terminos-y-condiciones\/","title":{"rendered":"T\u00e9rminos y Condiciones"},"content":{"rendered":"<p>[vc_row css=\u00bb.vc_custom_1612364101026{padding-right: 30px !important;padding-left: 30px !important;}\u00bb][vc_column][vc_column_text]<\/p>\n<h2>Pol\u00edtica de protecci\u00f3n de datos<\/h2>\n<p>Aby Flowers cuenta con una estricta pol\u00edtica de privacidad y confidencialidad en la informaci\u00f3n de nuestros clientes. Somos responsables de todo el contenido publicado en esta p\u00e1gina web, siendo los \u00fanicos autorizados en realizar cambios en la misma.<\/p>\n<p>Mediante la aceptaci\u00f3n de esta pol\u00edtica de privacidad y de protecci\u00f3n de datos personales, usted acepta y consiente de manera expresa a AbyFlowers, tratar los datos personales que proporciones de manera oral, escrita, o a trav\u00e9s de cualquier medio de comunicaci\u00f3n electr\u00f3nica o convencional para los siguientes fines: Env\u00edo de publicidad, mediante cualquier medio y soporte, env\u00edo de invitaciones y actividades relacionadas a la empresa.<\/p>\n<p>Compromiso de AbyFlowers es garantizar en salvaguardar los datos recopilados con total confidencialidad.<\/p>\n<p>El titular del dato personal o su representante podr\u00e1 presentar la solicitud de ejercicio de sus derechos reconocidos en la ley n\u00b029733 escribiendo al correo de atencionalcliente@abyflowers.com<\/p>\n<h2>Pol\u00edticas de entrega<\/h2>\n<p>Todos nuestros productos tienen garant\u00eda. Los cambios pueden realizarse dentro de las 12 horas de haber recibido el producto. Si el producto lleg\u00f3 en malas condiciones, AbyFlowers lo recoger\u00e1 y repondr\u00e1 el mismo en excelentes condiciones. Si al momento de la entrega no se encuentra una persona para recibirlo, AbyFlowers se contactar\u00e1 con el cliente, para reprogramar la entrega con un flete adicional.<\/p>\n<p>El delivery tiene un costo seg\u00fan el destino.<\/p>\n<h2>Pol\u00edticas de productos<\/h2>\n<p>Las fotos de los productos son referenciales. Los productos est\u00e1n sujetos al stock disponible. El D\u00eda de San Valent\u00edn y D\u00eda de la Madre solo se vender\u00e1n productos del cat\u00e1logo de dichas campa\u00f1as.[\/vc_column_text][\/vc_column][\/vc_row]<\/p>\n","protected":false},"excerpt":{"rendered":"<p>[vc_row css=\u00bb.vc_custom_1612364101026{padding-right: 30px !important;padding-left: 30px !important;}\u00bb][vc_column][vc_column_text] Pol\u00edtica de protecci\u00f3n de datos Aby Flowers cuenta con una estricta pol\u00edtica de privacidad y confidencialidad en la informaci\u00f3n de nuestros clientes. Somos responsables de todo el contenido publicado en esta p\u00e1gina web, siendo &hellip; <a href=\"https:\/\/abyflowers.com\/shop\/terminos-y-condiciones\/\">Readmore<\/a><\/p>\n","protected":false},"author":1,"featured_media":0,"parent":0,"menu_order":0,"comment_status":"closed","ping_status":"closed","template":"","meta":{"om_disable_all_campaigns":false,"_monsterinsights_skip_tracking":false,"_monsterinsights_sitenote_active":false,"_monsterinsights_sitenote_note":"","_monsterinsights_sitenote_category":0,"_uf_show_specific_survey":0,"_uf_disable_surveys":false,"_joinchat":[],"footnotes":""},"class_list":["post-5582","page","type-page","status-publish","hentry"],"yoast_head":"<!-- This site is optimized with the Yoast SEO plugin v26.7 - https:\/\/yoast.com\/wordpress\/plugins\/seo\/ -->\n<title>T\u00e9rminos y Condiciones - AbyFlowers<\/title>\n<meta name=\"robots\" content=\"index, follow, max-snippet:-1, max-image-preview:large, max-video-preview:-1\" \/>\n<link rel=\"canonical\" href=\"https:\/\/abyflowers.com\/shop\/terminos-y-condiciones\/\" \/>\n<meta property=\"og:locale\" content=\"es_ES\" \/>\n<meta property=\"og:type\" content=\"article\" \/>\n<meta property=\"og:title\" content=\"T\u00e9rminos y Condiciones - AbyFlowers\" \/>\n<meta property=\"og:description\" content=\"[vc_row css=\u00bb.vc_custom_1612364101026{padding-right: 30px !important;padding-left: 30px !important;}\u00bb][vc_column][vc_column_text] Pol\u00edtica de protecci\u00f3n de datos Aby Flowers cuenta con una estricta pol\u00edtica de privacidad y confidencialidad en la informaci\u00f3n de nuestros clientes. Somos responsables de todo el contenido publicado en esta p\u00e1gina web, siendo &hellip; Readmore\" \/>\n<meta property=\"og:url\" content=\"https:\/\/abyflowers.com\/shop\/terminos-y-condiciones\/\" \/>\n<meta property=\"og:site_name\" content=\"AbyFlowers\" \/>\n<meta property=\"article:publisher\" content=\"https:\/\/www.facebook.com\/abyflowers\" \/>\n<meta property=\"article:modified_time\" content=\"2022-07-16T15:51:43+00:00\" \/>\n<meta name=\"twitter:card\" content=\"summary_large_image\" \/>\n<meta name=\"twitter:label1\" content=\"Tiempo de lectura\" \/>\n\t<meta name=\"twitter:data1\" content=\"2 minutos\" \/>\n<script type=\"application\/ld+json\" class=\"yoast-schema-graph\">{\"@context\":\"https:\/\/schema.org\",\"@graph\":[{\"@type\":\"WebPage\",\"@id\":\"https:\/\/abyflowers.com\/shop\/terminos-y-condiciones\/\",\"url\":\"https:\/\/abyflowers.com\/shop\/terminos-y-condiciones\/\",\"name\":\"T\u00e9rminos y Condiciones - AbyFlowers\",\"isPartOf\":{\"@id\":\"https:\/\/abyflowers.com\/shop\/#website\"},\"datePublished\":\"2021-01-26T17:39:33+00:00\",\"dateModified\":\"2022-07-16T15:51:43+00:00\",\"breadcrumb\":{\"@id\":\"https:\/\/abyflowers.com\/shop\/terminos-y-condiciones\/#breadcrumb\"},\"inLanguage\":\"es\",\"potentialAction\":[{\"@type\":\"ReadAction\",\"target\":[\"https:\/\/abyflowers.com\/shop\/terminos-y-condiciones\/\"]}]},{\"@type\":\"BreadcrumbList\",\"@id\":\"https:\/\/abyflowers.com\/shop\/terminos-y-condiciones\/#breadcrumb\",\"itemListElement\":[{\"@type\":\"ListItem\",\"position\":1,\"name\":\"Home\",\"item\":\"https:\/\/abyflowers.com\/shop\/\"},{\"@type\":\"ListItem\",\"position\":2,\"name\":\"T\u00e9rminos y Condiciones\"}]},{\"@type\":\"WebSite\",\"@id\":\"https:\/\/abyflowers.com\/shop\/#website\",\"url\":\"https:\/\/abyflowers.com\/shop\/\",\"name\":\"AbyFlowers\",\"description\":\"Transmitimos Emociones\",\"publisher\":{\"@id\":\"https:\/\/abyflowers.com\/shop\/#organization\"},\"potentialAction\":[{\"@type\":\"SearchAction\",\"target\":{\"@type\":\"EntryPoint\",\"urlTemplate\":\"https:\/\/abyflowers.com\/shop\/?s={search_term_string}\"},\"query-input\":{\"@type\":\"PropertyValueSpecification\",\"valueRequired\":true,\"valueName\":\"search_term_string\"}}],\"inLanguage\":\"es\"},{\"@type\":\"Organization\",\"@id\":\"https:\/\/abyflowers.com\/shop\/#organization\",\"name\":\"AbyFlowers\",\"url\":\"https:\/\/abyflowers.com\/shop\/\",\"logo\":{\"@type\":\"ImageObject\",\"inLanguage\":\"es\",\"@id\":\"https:\/\/abyflowers.com\/shop\/#\/schema\/logo\/image\/\",\"url\":\"https:\/\/abyflowers.com\/shop\/wp-content\/uploads\/2021\/02\/logoAbyFlowersFEB2021.png\",\"contentUrl\":\"https:\/\/abyflowers.com\/shop\/wp-content\/uploads\/2021\/02\/logoAbyFlowersFEB2021.png\",\"width\":220,\"height\":92,\"caption\":\"AbyFlowers\"},\"image\":{\"@id\":\"https:\/\/abyflowers.com\/shop\/#\/schema\/logo\/image\/\"},\"sameAs\":[\"https:\/\/www.facebook.com\/abyflowers\",\"https:\/\/www.instagram.com\/abyflowers.floreria\/\"]}]}<\/script>\n<!-- \/ Yoast SEO plugin. -->","yoast_head_json":{"title":"T\u00e9rminos y Condiciones - AbyFlowers","robots":{"index":"index","follow":"follow","max-snippet":"max-snippet:-1","max-image-preview":"max-image-preview:large","max-video-preview":"max-video-preview:-1"},"canonical":"https:\/\/abyflowers.com\/shop\/terminos-y-condiciones\/","og_locale":"es_ES","og_type":"article","og_title":"T\u00e9rminos y Condiciones - AbyFlowers","og_description":"[vc_row css=\u00bb.vc_custom_1612364101026{padding-right: 30px !important;padding-left: 30px !important;}\u00bb][vc_column][vc_column_text] Pol\u00edtica de protecci\u00f3n de datos Aby Flowers cuenta con una estricta pol\u00edtica de privacidad y confidencialidad en la informaci\u00f3n de nuestros clientes. Somos responsables de todo el contenido publicado en esta p\u00e1gina web, siendo &hellip; Readmore","og_url":"https:\/\/abyflowers.com\/shop\/terminos-y-condiciones\/","og_site_name":"AbyFlowers","article_publisher":"https:\/\/www.facebook.com\/abyflowers","article_modified_time":"2022-07-16T15:51:43+00:00","twitter_card":"summary_large_image","twitter_misc":{"Tiempo de lectura":"2 minutos"},"schema":{"@context":"https:\/\/schema.org","@graph":[{"@type":"WebPage","@id":"https:\/\/abyflowers.com\/shop\/terminos-y-condiciones\/","url":"https:\/\/abyflowers.com\/shop\/terminos-y-condiciones\/","name":"T\u00e9rminos y Condiciones - AbyFlowers","isPartOf":{"@id":"https:\/\/abyflowers.com\/shop\/#website"},"datePublished":"2021-01-26T17:39:33+00:00","dateModified":"2022-07-16T15:51:43+00:00","breadcrumb":{"@id":"https:\/\/abyflowers.com\/shop\/terminos-y-condiciones\/#breadcrumb"},"inLanguage":"es","potentialAction":[{"@type":"ReadAction","target":["https:\/\/abyflowers.com\/shop\/terminos-y-condiciones\/"]}]},{"@type":"BreadcrumbList","@id":"https:\/\/abyflowers.com\/shop\/terminos-y-condiciones\/#breadcrumb","itemListElement":[{"@type":"ListItem","position":1,"name":"Home","item":"https:\/\/abyflowers.com\/shop\/"},{"@type":"ListItem","position":2,"name":"T\u00e9rminos y Condiciones"}]},{"@type":"WebSite","@id":"https:\/\/abyflowers.com\/shop\/#website","url":"https:\/\/abyflowers.com\/shop\/","name":"AbyFlowers","description":"Transmitimos Emociones","publisher":{"@id":"https:\/\/abyflowers.com\/shop\/#organization"},"potentialAction":[{"@type":"SearchAction","target":{"@type":"EntryPoint","urlTemplate":"https:\/\/abyflowers.com\/shop\/?s={search_term_string}"},"query-input":{"@type":"PropertyValueSpecification","valueRequired":true,"valueName":"search_term_string"}}],"inLanguage":"es"},{"@type":"Organization","@id":"https:\/\/abyflowers.com\/shop\/#organization","name":"AbyFlowers","url":"https:\/\/abyflowers.com\/shop\/","logo":{"@type":"ImageObject","inLanguage":"es","@id":"https:\/\/abyflowers.com\/shop\/#\/schema\/logo\/image\/","url":"https:\/\/abyflowers.com\/shop\/wp-content\/uploads\/2021\/02\/logoAbyFlowersFEB2021.png","contentUrl":"https:\/\/abyflowers.com\/shop\/wp-content\/uploads\/2021\/02\/logoAbyFlowersFEB2021.png","width":220,"height":92,"caption":"AbyFlowers"},"image":{"@id":"https:\/\/abyflowers.com\/shop\/#\/schema\/logo\/image\/"},"sameAs":["https:\/\/www.facebook.com\/abyflowers","https:\/\/www.instagram.com\/abyflowers.floreria\/"]}]}},"_links":{"self":[{"href":"https:\/\/abyflowers.com\/shop\/wp-json\/wp\/v2\/pages\/5582","targetHints":{"allow":["GET"]}}],"collection":[{"href":"https:\/\/abyflowers.com\/shop\/wp-json\/wp\/v2\/pages"}],"about":[{"href":"https:\/\/abyflowers.com\/shop\/wp-json\/wp\/v2\/types\/page"}],"author":[{"embeddable":true,"href":"https:\/\/abyflowers.com\/shop\/wp-json\/wp\/v2\/users\/1"}],"replies":[{"embeddable":true,"href":"https:\/\/abyflowers.com\/shop\/wp-json\/wp\/v2\/comments?post=5582"}],"version-history":[{"count":3,"href":"https:\/\/abyflowers.com\/shop\/wp-json\/wp\/v2\/pages\/5582\/revisions"}],"predecessor-version":[{"id":5833,"href":"https:\/\/abyflowers.com\/shop\/wp-json\/wp\/v2\/pages\/5582\/revisions\/5833"}],"wp:attachment":[{"href":"https:\/\/abyflowers.com\/shop\/wp-json\/wp\/v2\/media?parent=5582"}],"curies":[{"name":"wp","href":"https:\/\/api.w.org\/{rel}","templated":true}]}}