{"id":15531,"date":"2025-01-22T23:10:12","date_gmt":"2025-01-22T23:10:12","guid":{"rendered":"https:\/\/abyflowers.com\/shop\/?page_id=15531"},"modified":"2025-01-22T23:10:12","modified_gmt":"2025-01-22T23:10:12","slug":"privacidad","status":"publish","type":"page","link":"https:\/\/abyflowers.com\/shop\/privacidad\/","title":{"rendered":"Privacidad"},"content":{"rendered":"<p><strong>PRIVACIDAD<\/strong><\/p>\n<p>ABYFLOWERS, con el fin de velar por la privacidad de nuestros clientes Invitados y Suscritos, pone a su disposici\u00f3n nuestra Pol\u00edtica de Privacidad.<br \/>\nAl solicitar nuestros servicios usted acepta los t\u00e9rminos expuestos aqu\u00ed y en nuestras pol\u00edticas de env\u00edo.<\/p>\n<p><strong>INFORMACI\u00d3N RECOLECTADA<\/strong><\/p>\n<p>La informaci\u00f3n que recolectamos de nuestros clientes proviene de las siguientes fuentes:<\/p>\n<ul>\n<li>Invitados \u2013 Cuando realiza una compra a trav\u00e9s de nuestra p\u00e1gina web, sin registrarse, sus datos personales tales como nombres y apellidos, correo electr\u00f3nico, tel\u00e9fono de contacto, y \u00faltima fecha de visita quedan registrados en nuestro sistema interno.<\/li>\n<li>Suscritos \u2013 Cuando solicita el env\u00edo de nuestros boletines promocionales, solamente su correo electr\u00f3nico y nombre quedan registrados en nuestro sistema interno y en la base de datos de env\u00edo.<\/li>\n<li>Tarjetas de cr\u00e9dito \u2013 La informaci\u00f3n personal de su tarjeta de cr\u00e9dito no queda registrada en nuestro sistema interno. La informaci\u00f3n que ingresa al momento de realizar el pago de su pedido se utiliza \u00fanicamente para dicha transacci\u00f3n.<\/li>\n<li>Redes Sociales \u2013 La informaci\u00f3n solicitada por las diferentes redes sociales que se encuentren vinculada directa o indirectamente con nuestra p\u00e1gina web, fanpage o cuenta social no es registrada en nuestro sistema interno. Esta informaci\u00f3n es de utilidad \u00fanicamente para la red social en uso.<\/li>\n<li>Empresas \u2013 Cuando solicita informaci\u00f3n o cotizaci\u00f3n de nuestros productos y servicios a nombre de su empresa, sus datos tales como nombre, cargo, nombre de la empresa y correo electr\u00f3nico son registrados en nuestra base de datos interna para posteriores comunicaciones de promociones o relacionados a nuestro servicio para empresas.<\/li>\n<\/ul>\n<p>&nbsp;<\/p>\n<p><strong>USO DE LA INFORMACI\u00d3N RECOLECTADA<\/strong><\/p>\n<p>La informaci\u00f3n que queda registrada en nuestro sistema interno se utiliza con el \u00fanico prop\u00f3sito establecido para la realizaci\u00f3n de un pedido o la solicitud de suscripci\u00f3n a nuestros boletines promocionales. ABYFLOWERS no comparte dicha informaci\u00f3n con terceros.<\/p>\n<p>Del mismo modo, ABYFLOWERS brindar\u00e1 la informaci\u00f3n necesaria en casos relacionados a asuntos legales o financieros que entidades bancarias o del estado puedan solicitar por alg\u00fan motivo importante previa orden legal.<\/p>\n<p><strong>INFORMACI\u00d3N DE CONTACTO<\/strong><\/p>\n<p>ABYFLOWERS har\u00e1 uso de su informaci\u00f3n de contacto, tales como n\u00fameros telef\u00f3nicos y correo electr\u00f3nico, durante el proceso de delivery de su pedido si fuera necesario y posteriormente a la entrega del mismo para poder conocer su satisfacci\u00f3n por el servicio.<\/p>\n<p><strong>INFORMACI\u00d3N A TRAV\u00c9S DE LA CENTRAL TELEF\u00d3NICA Y CHAT ONLINE<\/strong><\/p>\n<p>Toda la informaci\u00f3n que usted nos brinde a trav\u00e9s de nuestra central telef\u00f3nica o chat online\/offline ser\u00e1 utilizada \u00fanicamente para la ejecuci\u00f3n de su pedido o la respuesta de sus consultas.<\/p>\n<p>El personal que lo atiende a trav\u00e9s de nuestra central telef\u00f3nica, redes sociales o correo electr\u00f3nico no est\u00e1 autorizado a solicitarle ninguna informaci\u00f3n que no est\u00e9 relacionada con la ejecuci\u00f3n de su pedido o su consulta, as\u00ed como la informaci\u00f3n personal y confidencial de su tarjeta de cr\u00e9dito.<\/p>\n<p><strong>SEGURIDAD DE LA INFORMACI\u00d3N<\/strong><\/p>\n<p>ABYFLOWERS resguarda la informaci\u00f3n registrada en nuestro sistema interno, la cual es utilizada \u00fanica y exclusivamente para el desarrollo de compras en l\u00ednea y env\u00edo de boletines promocionales. Dicha informaci\u00f3n no es proporcionada a empresas ajenas a la ejecuci\u00f3n de nuestros servicios.<\/p>\n<p>Sin embargo, ABYFLOWERS no se responsabiliza por el mal uso de su sesi\u00f3n personal, si los datos de acceso fueron brindados voluntaria o involuntariamente a terceros.<\/p>\n<p><strong>POL\u00cdTICAS EXTERNAS<\/strong><\/p>\n<p>ABYFLOWERS no se responsabiliza por las pol\u00edticas y\/o restricciones de las empresas externas que ejecutan partes importantes en el proceso de compra y entrega de su pedido, tales como pasarelas de pago y empresas de delivery.<\/p>\n<p><strong>LIMITACI\u00d3N DE LA RESPONSABILIDAD<\/strong><\/p>\n<p>ABYFLOWERS no se responsabiliza de los posibles da\u00f1os o perjuicios que puedan suceder como consecuencia del uso de los contenidos de la p\u00e1gina web, siendo de exclusiva responsabilidad del usuario que acceda a los mismos.<br \/>\nDe igual forma, ABYFLOWERS no se responsabiliza de los posibles perjuicios que se puedan derivar del uso de una versi\u00f3n no actualizada o defectuosa del navegador, de interrupciones en la conexi\u00f3n que se produzcan durante la transmisi\u00f3n de datos, virus inform\u00e1ticos, aver\u00edas o desconexiones en el funcionamiento del sistema electr\u00f3nico, de bloqueos causados por deficiencias o sobrecargas de las l\u00edneas telef\u00f3nicas, as\u00ed como de da\u00f1os provocados por terceras personas mediante intromisiones no autorizadas.<\/p>\n<p><strong>PROPIEDAD INTELECTUAL<\/strong><\/p>\n<p>El c\u00f3digo fuente, los dise\u00f1os gr\u00e1ficos, las im\u00e1genes, las fotograf\u00edas, las animaciones, el software, los textos, as\u00ed como la informaci\u00f3n y los contenidos que se muestran en www.abyflowers.com est\u00e1n protegidos por las leyes nacionales a favor de la empresa ABYFLOWERS, y no se permite la reproducci\u00f3n total o parcial de esta p\u00e1gina web, ni su tratamiento inform\u00e1tico, comunicaci\u00f3n p\u00fablica, distribuci\u00f3n, difusi\u00f3n, modificaci\u00f3n o transformaci\u00f3n, sin el permiso previo y por escrito de su titular.<\/p>\n<p>El usuario, \u00fanica y exclusivamente podr\u00e1 hacer uso del material que aparezca en esta p\u00e1gina web para su uso personal y privado, quedando prohibida su utilizaci\u00f3n con fines comerciales o para incurrir en actividades il\u00edcitas.<\/p>\n<p>ABYFLOWERS velar\u00e1 por el cumplimiento de las anteriores condiciones y para la debida utilizaci\u00f3n de los contenidos presentados en su p\u00e1gina web, ejercitando todas las acciones civiles y penales que le correspondan en el caso de infracci\u00f3n o incumplimiento de \u00e9stos derechos por parte del usuario.<\/p>\n<p>ABYFLOWERS se reserva la facultad en todo momento, sin necesidad de previo aviso, de efectuar modificaciones y actualizaciones de la informaci\u00f3n contenida en su p\u00e1gina web o en su configuraci\u00f3n y presentaci\u00f3n. As\u00ed mismo se reserva el derecho a suspender temporalmente, con una notificaci\u00f3n virtual en la p\u00e1gina web de por medio, la accesibilidad a la p\u00e1gina web por razones de eventual necesidad y para efectuar operaciones de mantenimiento, reparaci\u00f3n o mejora.<\/p>\n","protected":false},"excerpt":{"rendered":"<p>PRIVACIDAD ABYFLOWERS, con el fin de velar por la privacidad de nuestros clientes Invitados y Suscritos, pone a su disposici\u00f3n nuestra Pol\u00edtica de Privacidad. Al solicitar nuestros servicios usted acepta los t\u00e9rminos expuestos aqu\u00ed y en nuestras pol\u00edticas de env\u00edo. &hellip; <a href=\"https:\/\/abyflowers.com\/shop\/privacidad\/\">Readmore<\/a><\/p>\n","protected":false},"author":1,"featured_media":0,"parent":0,"menu_order":0,"comment_status":"closed","ping_status":"closed","template":"","meta":{"om_disable_all_campaigns":false,"_monsterinsights_skip_tracking":false,"_monsterinsights_sitenote_active":false,"_monsterinsights_sitenote_note":"","_monsterinsights_sitenote_category":0,"_uf_show_specific_survey":0,"_uf_disable_surveys":false,"_joinchat":[],"footnotes":""},"class_list":["post-15531","page","type-page","status-publish","hentry"],"yoast_head":"<!-- This site is optimized with the Yoast SEO plugin v26.7 - https:\/\/yoast.com\/wordpress\/plugins\/seo\/ -->\n<title>Privacidad - AbyFlowers<\/title>\n<meta name=\"robots\" content=\"index, follow, max-snippet:-1, max-image-preview:large, max-video-preview:-1\" \/>\n<link rel=\"canonical\" href=\"https:\/\/abyflowers.com\/shop\/privacidad\/\" \/>\n<meta property=\"og:locale\" content=\"es_ES\" \/>\n<meta property=\"og:type\" content=\"article\" \/>\n<meta property=\"og:title\" content=\"Privacidad - AbyFlowers\" \/>\n<meta property=\"og:description\" content=\"PRIVACIDAD ABYFLOWERS, con el fin de velar por la privacidad de nuestros clientes Invitados y Suscritos, pone a su disposici\u00f3n nuestra Pol\u00edtica de Privacidad. Al solicitar nuestros servicios usted acepta los t\u00e9rminos expuestos aqu\u00ed y en nuestras pol\u00edticas de env\u00edo. &hellip; Readmore\" \/>\n<meta property=\"og:url\" content=\"https:\/\/abyflowers.com\/shop\/privacidad\/\" \/>\n<meta property=\"og:site_name\" content=\"AbyFlowers\" \/>\n<meta property=\"article:publisher\" content=\"https:\/\/www.facebook.com\/abyflowers\" \/>\n<meta name=\"twitter:card\" content=\"summary_large_image\" \/>\n<meta name=\"twitter:label1\" content=\"Tiempo de lectura\" \/>\n\t<meta name=\"twitter:data1\" content=\"5 minutos\" \/>\n<script type=\"application\/ld+json\" class=\"yoast-schema-graph\">{\"@context\":\"https:\/\/schema.org\",\"@graph\":[{\"@type\":\"WebPage\",\"@id\":\"https:\/\/abyflowers.com\/shop\/privacidad\/\",\"url\":\"https:\/\/abyflowers.com\/shop\/privacidad\/\",\"name\":\"Privacidad - AbyFlowers\",\"isPartOf\":{\"@id\":\"https:\/\/abyflowers.com\/shop\/#website\"},\"datePublished\":\"2025-01-22T23:10:12+00:00\",\"breadcrumb\":{\"@id\":\"https:\/\/abyflowers.com\/shop\/privacidad\/#breadcrumb\"},\"inLanguage\":\"es\",\"potentialAction\":[{\"@type\":\"ReadAction\",\"target\":[\"https:\/\/abyflowers.com\/shop\/privacidad\/\"]}]},{\"@type\":\"BreadcrumbList\",\"@id\":\"https:\/\/abyflowers.com\/shop\/privacidad\/#breadcrumb\",\"itemListElement\":[{\"@type\":\"ListItem\",\"position\":1,\"name\":\"Home\",\"item\":\"https:\/\/abyflowers.com\/shop\/\"},{\"@type\":\"ListItem\",\"position\":2,\"name\":\"Privacidad\"}]},{\"@type\":\"WebSite\",\"@id\":\"https:\/\/abyflowers.com\/shop\/#website\",\"url\":\"https:\/\/abyflowers.com\/shop\/\",\"name\":\"AbyFlowers\",\"description\":\"Transmitimos Emociones\",\"publisher\":{\"@id\":\"https:\/\/abyflowers.com\/shop\/#organization\"},\"potentialAction\":[{\"@type\":\"SearchAction\",\"target\":{\"@type\":\"EntryPoint\",\"urlTemplate\":\"https:\/\/abyflowers.com\/shop\/?s={search_term_string}\"},\"query-input\":{\"@type\":\"PropertyValueSpecification\",\"valueRequired\":true,\"valueName\":\"search_term_string\"}}],\"inLanguage\":\"es\"},{\"@type\":\"Organization\",\"@id\":\"https:\/\/abyflowers.com\/shop\/#organization\",\"name\":\"AbyFlowers\",\"url\":\"https:\/\/abyflowers.com\/shop\/\",\"logo\":{\"@type\":\"ImageObject\",\"inLanguage\":\"es\",\"@id\":\"https:\/\/abyflowers.com\/shop\/#\/schema\/logo\/image\/\",\"url\":\"https:\/\/abyflowers.com\/shop\/wp-content\/uploads\/2021\/02\/logoAbyFlowersFEB2021.png\",\"contentUrl\":\"https:\/\/abyflowers.com\/shop\/wp-content\/uploads\/2021\/02\/logoAbyFlowersFEB2021.png\",\"width\":220,\"height\":92,\"caption\":\"AbyFlowers\"},\"image\":{\"@id\":\"https:\/\/abyflowers.com\/shop\/#\/schema\/logo\/image\/\"},\"sameAs\":[\"https:\/\/www.facebook.com\/abyflowers\",\"https:\/\/www.instagram.com\/abyflowers.floreria\/\"]}]}<\/script>\n<!-- \/ Yoast SEO plugin. -->","yoast_head_json":{"title":"Privacidad - AbyFlowers","robots":{"index":"index","follow":"follow","max-snippet":"max-snippet:-1","max-image-preview":"max-image-preview:large","max-video-preview":"max-video-preview:-1"},"canonical":"https:\/\/abyflowers.com\/shop\/privacidad\/","og_locale":"es_ES","og_type":"article","og_title":"Privacidad - AbyFlowers","og_description":"PRIVACIDAD ABYFLOWERS, con el fin de velar por la privacidad de nuestros clientes Invitados y Suscritos, pone a su disposici\u00f3n nuestra Pol\u00edtica de Privacidad. Al solicitar nuestros servicios usted acepta los t\u00e9rminos expuestos aqu\u00ed y en nuestras pol\u00edticas de env\u00edo. &hellip; Readmore","og_url":"https:\/\/abyflowers.com\/shop\/privacidad\/","og_site_name":"AbyFlowers","article_publisher":"https:\/\/www.facebook.com\/abyflowers","twitter_card":"summary_large_image","twitter_misc":{"Tiempo de lectura":"5 minutos"},"schema":{"@context":"https:\/\/schema.org","@graph":[{"@type":"WebPage","@id":"https:\/\/abyflowers.com\/shop\/privacidad\/","url":"https:\/\/abyflowers.com\/shop\/privacidad\/","name":"Privacidad - AbyFlowers","isPartOf":{"@id":"https:\/\/abyflowers.com\/shop\/#website"},"datePublished":"2025-01-22T23:10:12+00:00","breadcrumb":{"@id":"https:\/\/abyflowers.com\/shop\/privacidad\/#breadcrumb"},"inLanguage":"es","potentialAction":[{"@type":"ReadAction","target":["https:\/\/abyflowers.com\/shop\/privacidad\/"]}]},{"@type":"BreadcrumbList","@id":"https:\/\/abyflowers.com\/shop\/privacidad\/#breadcrumb","itemListElement":[{"@type":"ListItem","position":1,"name":"Home","item":"https:\/\/abyflowers.com\/shop\/"},{"@type":"ListItem","position":2,"name":"Privacidad"}]},{"@type":"WebSite","@id":"https:\/\/abyflowers.com\/shop\/#website","url":"https:\/\/abyflowers.com\/shop\/","name":"AbyFlowers","description":"Transmitimos Emociones","publisher":{"@id":"https:\/\/abyflowers.com\/shop\/#organization"},"potentialAction":[{"@type":"SearchAction","target":{"@type":"EntryPoint","urlTemplate":"https:\/\/abyflowers.com\/shop\/?s={search_term_string}"},"query-input":{"@type":"PropertyValueSpecification","valueRequired":true,"valueName":"search_term_string"}}],"inLanguage":"es"},{"@type":"Organization","@id":"https:\/\/abyflowers.com\/shop\/#organization","name":"AbyFlowers","url":"https:\/\/abyflowers.com\/shop\/","logo":{"@type":"ImageObject","inLanguage":"es","@id":"https:\/\/abyflowers.com\/shop\/#\/schema\/logo\/image\/","url":"https:\/\/abyflowers.com\/shop\/wp-content\/uploads\/2021\/02\/logoAbyFlowersFEB2021.png","contentUrl":"https:\/\/abyflowers.com\/shop\/wp-content\/uploads\/2021\/02\/logoAbyFlowersFEB2021.png","width":220,"height":92,"caption":"AbyFlowers"},"image":{"@id":"https:\/\/abyflowers.com\/shop\/#\/schema\/logo\/image\/"},"sameAs":["https:\/\/www.facebook.com\/abyflowers","https:\/\/www.instagram.com\/abyflowers.floreria\/"]}]}},"_links":{"self":[{"href":"https:\/\/abyflowers.com\/shop\/wp-json\/wp\/v2\/pages\/15531","targetHints":{"allow":["GET"]}}],"collection":[{"href":"https:\/\/abyflowers.com\/shop\/wp-json\/wp\/v2\/pages"}],"about":[{"href":"https:\/\/abyflowers.com\/shop\/wp-json\/wp\/v2\/types\/page"}],"author":[{"embeddable":true,"href":"https:\/\/abyflowers.com\/shop\/wp-json\/wp\/v2\/users\/1"}],"replies":[{"embeddable":true,"href":"https:\/\/abyflowers.com\/shop\/wp-json\/wp\/v2\/comments?post=15531"}],"version-history":[{"count":1,"href":"https:\/\/abyflowers.com\/shop\/wp-json\/wp\/v2\/pages\/15531\/revisions"}],"predecessor-version":[{"id":15532,"href":"https:\/\/abyflowers.com\/shop\/wp-json\/wp\/v2\/pages\/15531\/revisions\/15532"}],"wp:attachment":[{"href":"https:\/\/abyflowers.com\/shop\/wp-json\/wp\/v2\/media?parent=15531"}],"curies":[{"name":"wp","href":"https:\/\/api.w.org\/{rel}","templated":true}]}}